s the hundreds digit of 461209?
2
What is the hundreds digit of 48481?
4
What is the millions digit of 1934218?
1
What is the hundred thousands digit of 1637204?
6
What is the hundreds digit of 189358?
3
What is the ten millions digit of 17006957?
1
What is the hundred thousands digit of 2564641?
5
What is the units digit of 1499104?
4
What is the tens digit of 3925842?
4
What is the hundreds digit of 5058453?
4
What is the thousands digit of 7300?
7
What is the hundred thousands digit of 3783932?
7
What is the millions digit of 1461579?
1
What is the thousands digit of 1278158?
8
What is the hundred thousands digit of 1006250?
0
What is the units digit of 1363156?
6
What is the hundred thousands digit of 358259?
3
What is the hundred thousands digit of 630019?
6
What is the thousands digit of 13320588?
0
What is the hundreds digit of 3967217?
2
What is the hundreds digit of 133726?
7
What is the hundred thousands digit of 953768?
9
What is the units digit of 294319?
9
What is the ten thousands digit of 22663?
2
What is the tens digit of 443113?
1
What is the ten thousands digit of 192561?
9
What is the hundreds digit of 3141349?
3
What is the hundreds digit of 2801657?
6
What is the hundreds digit of 190310?
3
What is the hundreds digit of 8737699?
6
What is the units digit of 6803248?
8
What is the units digit of 13473370?
0
What is the units digit of 3618897?
7
What is the ten thousands digit of 5367917?
6
What is the thousands digit of 5089828?
9
What is the units digit of 2347881?
1
What is the hundreds digit of 5305055?
0
What is the thousands digit of 2563037?
3
What is the units digit of 5702972?
2
What is the units digit of 645599?
9
What is the ten thousands digit of 1708168?
0
What is the tens digit of 93580?
8
What is the tens digit of 523461?
6
What is the hundred thousands digit of 6824954?
8
What is the millions digit of 23727154?
3
What is the tens digit of 591456?
5
What is the tens digit of 164669?
6
What is the thousands digit of 183374?
3
What is the hundreds digit of 300221?
2
What is the tens digit of 453005?
0
What is the tens digit of 404500?
0
What is the thousands digit of 125026?
5
What is the thousands digit of 267624?
7
What is the units digit of 11186892?
2
What is the hundred thousands digit of 641545?
6
What is the ten thousands digit of 4993019?
9
What is the hundred thousands digit of 1259078?
2
What is the units digit of 120324?
4
What is the units digit of 671843?
3
What is the tens digit of 463126?
2
What is the units digit of 5872774?
4
What is the tens digit of 3380939?
3
What is the thousands digit of 102246?
2
What is the ten thousands digit of 2098403?
9
What is the hundred thousands digit of 830625?
8
What is the hundreds digit of 2968248?
2
What is the units digit of 2708945?
5
What is the hundreds digit of 332536?
5
What is the tens digit of 256612?
1
What is the hundreds digit of 1114259?
2
What is the hundreds digit of 998519?
5
What is the ten thousands digit of 179901?
7
What is the ten millions digit of 12136657?
1
What is the units digit of 12158264?
4
What is the units digit of 1568605?
5
What is the millions digit of 26683057?
6
What is the ten thousands digit of 246341?
4
What is the tens digit of 14023462?
6
What is the ten thousands digit of 321553?
2
What is the hundreds digit of 4294510?
5
What is the tens digit of 60704?
0
What is the thousands digit of 105076?
5
What is the hundreds digit of 15226890?
8
What is the hundred thousands digit of 618592?
6
What is the ten thousands digit of 136012?
3
What is the tens digit of 327914?
1
What is the tens digit of 164634?
3
What is the units digit of 1309379?
9
What is the ten thousands digit of 21265?
2
What is the tens digit of 4878081?
8
What is the units digit of 5187899?
9
What is the hundreds digit of 10366477?
4
What is the units digit of 60240?
0
What is the tens digit of 19671970?
7
What is the ten thousands digit of 2361161?
6
What is the hundred thousands digit of 1941986?
9
What is the hundred thousands digit of 6720542?
7
What is the ten thousands digit of 529278?
2
What is the hundred thousands digit of 3870772?
8
What is the units digit of 354832?
2
What is the hundreds digit of 54325?
3
What is the thousands digit of 1724900?
4
What is the thousands digit of 422030?
2
What is the ten thousands digit of 10732496?
3
What is the millions digit of 18761268?
8
What is the units digit of 8131235?
5
What is the tens digit of 902163?
6
What is the hundred thousands digit of 16847499?
8
What is the units digit of 2605973?
3
What is the units digit of 16430095?
5
What is the hundred thousands digit of 356239?
3
What is the hundreds digit of 56167?
1
What is the hundred thousands digit of 5547884?
5
What is the tens digit of 3809476?
7
What is the hundred thousands digit of 2584817?
5
What is the hundreds digit of 94259?
2
What is the ten thousands digit of 1439303?
3
What is the units digit of 396142?
2
What is the millions digit of 10748190?
0
What is the hundred thousands digit of 267218?
2
What is the ten thousands digit of 17071?
1
What is the hundreds digit of 3622551?
5
What is the thousands digit of 372634?
2
What is the thousands digit of 1796629?
6
What is the thousands digit of 5253895?
3
What is the hundreds digit of 3337314?
3
What is the hundred thousands digit of 2751176?
7
What is the ten thousands digit of 8347610?
4
What is the ten thousands digit of 2877639?
7
What is the tens digit of 753121?
2
What is the units digit of 21333313?
3
What is the units digit of 116478?
8
What is the ten thousands digit of 4347098?
4
What is the hundred thousands digit of 2006010?
0
What is the ten thousands digit of 521629?
2
What is the units digit of 266304?
4
What is the hundreds digit of 3673306?
3
What is the thousands digit of 627577?
7
What is the hundreds digit of 373025?
0
What is the thousands digit of 19613290?
3
What is the units digit of 79808?
8
What is the tens digit of 1826925?
2
What is the hundreds digit of 252326?
3
What is the hundreds digit of 3544813?
8
What is the tens digit of 275971?
7
What is the units digit of 49543?
3
What is the hundred thousands digit of 457700?
4
What is the thousands digit of 16511152?
1
What is the units digit of 732324?
4
What is the millions digit of 9407731?
9
What is the units digit of 480286?
6
What is the thousands digit of 2180545?
0
What is the hundreds digit of 255931?
9
What is the units digit of 153332?
2
What is the ten thousands digit of 194904?
9
What is the ten thousands digit of 2679468?
7
What is the thousands digit of 9915762?
5
What is the thousands digit of 22172474?
2
What is the hundreds digit of 2442844?
8
What is the units digit of 1997795?
5
What is the ten thousands digit of 18113939?
1
What is the hundred thousands digit of 461604?
4
What is the thousands digit of 1894486?
4
What is the thousands digit of 10307281?
7
What is the tens digit of 377848?
4
What is the thousands digit of 317570?
7
What is the ten thousands digit of 9454153?
5
What is the hundreds digit of 4599132?
1
What is the millions digit of 12067658?
2
What is the ten thousands digit of 29714?
2
What is the hundred thousands digit of 8657489?
6
What is the tens digit of 1235635?
3
What is the millions digit of 1410258?
1
What is the units digit of 11100753?
3
What is the millions digit of 2922784?
2
What is the thousands digit of 1078377?
8
What is the ten thousands digit of 33770850?
7
What is the ten thousands digit of 759621?
5
What is the hundreds digit of 420542?
5
What is the hundreds digit of 4844769?
7
What is the units digit of 255181?
1
What is the tens digit of 10468021?
2
What is the tens digit of 141790?
9
What is the units digit of 2439452?
2
What is the ten thousands digit of 4204753?
0
What is the hundreds digit of 3410188?
1
What is the tens digit of 1950432?
3
What is the ten thousands digit of 154081?
5
What is the units digit of 487484?
4
What is the hundred thousands digit of 19800599?
8
What is the hundreds digit of 313721?
7
What is the hundred thousands digit of 5633497?
6
What is the thousands digit of 29548028?
8
What is the units digit of 23728?
8
What is the units digit of 284492?
2
What is the hundreds digit of 180010?
0
What is the hundreds digit of 45899?
8
W